{"id":15284,"date":"2014-05-05T11:29:07","date_gmt":"2014-05-05T11:29:07","guid":{"rendered":"http:\/\/demo.qodeinteractive.com\/bridge3\/?page_id=15284"},"modified":"2026-04-15T12:47:24","modified_gmt":"2026-04-15T10:47:24","slug":"hotel","status":"publish","type":"page","link":"https:\/\/www.hotel-am-laerchenberg.de\/home\/hotel\/","title":{"rendered":"Hotel"},"content":{"rendered":"<div class=\"wpb-content-wrapper\"><p>[vc_row css_animation=&#8220;&#8220; row_type=&#8220;row&#8220; use_row_as_full_screen_section=&#8220;no&#8220; type=&#8220;grid&#8220; anchor=&#8220;portfolio&#8220; angled_section=&#8220;no&#8220; text_align=&#8220;left&#8220; background_image_as_pattern=&#8220;without_pattern&#8220; background_color=&#8220;#ffffff&#8220; border_color=&#8220;#eeeeee&#8220; padding_top=&#8220;82&#8243; padding_bottom=&#8220;0&#8243;][vc_column][vc_column_text]<\/p>\n<h2 style=\"text-align: center;\">Das Hotel<\/h2>\n<p>[\/vc_column_text][vc_separator type=&#8220;small&#8220; position=&#8220;center&#8220; color=&#8220;#818181&#8243; up=&#8220;20&#8243; down=&#8220;80&#8243;][vc_row_inner row_type=&#8220;row&#8220; type=&#8220;full_width&#8220; text_align=&#8220;left&#8220; css_animation=&#8220;&#8220;][vc_column_inner width=&#8220;1\/2&#8243;][vc_column_text]<\/p>\n<h5>Besuchen Sie unser Hotel in der sch\u00f6nen Oberlausitz<\/h5>\n<p>[\/vc_column_text][vc_separator type=&#8220;transparent&#8220; up=&#8220;12&#8243; down=&#8220;0&#8243;][vc_column_text]Wir verf\u00fcgen \u00fcber 59 Betten &#8211; 10 Doppelzimmer und 3 Appartements im Hotel, sowie 12 Doppelzimmer und 4 Appartements im G\u00e4stehaus, das seit Mai 2010 in den Sommermonaten zur Verf\u00fcgung steht.<\/p>\n<p>&nbsp;<\/p>\n<p>Morgens genie\u00dfen Sie unser reichhaltiges Fr\u00fchst\u00fccksb\u00fcffet. Danach k\u00f6nnen Sie sich Ihren gesch\u00e4ftlichen Terminen widmen oder einen Ausflug in die landschaftlich reizvolle Umgebung unternehmen.<\/p>\n<p>&nbsp;<\/p>\n<p>F\u00fcr Konferenzen, Schulungen und Seminare stehen Ihnen unsere Tagungsr\u00e4ume (bis 100 Personen) zur Verf\u00fcgung. Sie sind mit entsprechender Tagungstechnik wie Overheadprojektor, Leinwand, Moderatorenwand, Flip-Chart, Fernseher und Videoanlage ausgestattet.<\/p>\n<p>&nbsp;<\/p>\n<h5>Doppelzimmer<\/h5>\n<p>Unsere ger\u00e4umigen und wohnlich eingerichteten Doppelzimmer laden zum ungest\u00f6rten Entspannen und Erholen ein. Sie sind mit DU\/WC und TV ausgestattet.<\/p>\n<p>&nbsp;<\/p>\n<h5>Appartements<\/h5>\n<p>Unsere Appartements beinhalten einen zweiten Schlafraum mit 1-2 Betten.<\/p>\n<p>[\/vc_column_text][vc_column_text css=&#8220;.vc_custom_1666612664529{padding-top: 20px !important;}&#8220;]<\/p>\n<h5><\/h5>\n<h5>Preise<\/h5>\n<p>Doppelzimmer 68,00 \u20ac pro \u00dcbernachtung<br \/>\nEinzelzimmer 44,00 \u20ac pro \u00dcbernachtung<\/p>\n<p>&nbsp;<\/p>\n<p>Appartement (3 Betten) 84,00 \u20ac pro \u00dcbernachtung<br \/>\nAppartement (4 Betten) 102,00 \u20ac pro \u00dcbernachtung<\/p>\n<p>&nbsp;<\/p>\n<p>zzgl.Fr\u00fchst\u00fcck 8,00 \u20ac pro Person<br \/>\nzzgl.Fr\u00fchst\u00fcck 5,00 \u20ac pro Kind (4-9 Jahre)<\/p>\n<p>&nbsp;<\/p>\n<p>Babybett inkl.Bettw\u00e4sche 10,00 \u20ac einmalig<br \/>\nHaustiergeb\u00fchr 10,00 \u20ac einmalig<\/p>\n<p>&nbsp;<\/p>\n<p>Alle Zimmer sind Nichtraucherzimmer.<br \/>\nDie Preise sind inkl. Mwst.<\/p>\n<p>[\/vc_column_text][vc_separator type=&#8220;transparent&#8220; thickness=&#8220;40&#8243; up=&#8220;12&#8243; down=&#8220;0&#8243;][\/vc_column_inner][vc_column_inner width=&#8220;1\/2&#8243;][vc_single_image image=&#8220;16081&#8243; img_size=&#8220;full&#8220; qode_css_animation=&#8220;&#8220;][vc_separator type=&#8220;transparent&#8220; up=&#8220;12&#8243; down=&#8220;0&#8243;][vc_single_image image=&#8220;16128&#8243; img_size=&#8220;full&#8220; qode_css_animation=&#8220;&#8220;][\/vc_column_inner][\/vc_row_inner][vc_row_inner row_type=&#8220;row&#8220; type=&#8220;full_width&#8220; text_align=&#8220;left&#8220; css_animation=&#8220;&#8220;][vc_column_inner width=&#8220;1\/2&#8243;][\/vc_column_inner][vc_column_inner width=&#8220;1\/2&#8243;][\/vc_column_inner][\/vc_row_inner][\/vc_column][\/vc_row]<\/p>\n<\/div>","protected":false},"excerpt":{"rendered":"<p>[vc_row css_animation=&#8220;&#8220; row_type=&#8220;row&#8220; use_row_as_full_screen_section=&#8220;no&#8220; type=&#8220;grid&#8220; anchor=&#8220;portfolio&#8220; angled_section=&#8220;no&#8220; text_align=&#8220;left&#8220; background_image_as_pattern=&#8220;without_pattern&#8220; background_color=&#8220;#ffffff&#8220; border_color=&#8220;#eeeeee&#8220; padding_top=&#8220;82&#8243; padding_bottom=&#8220;0&#8243;][vc_column][vc_column_text] Das Hotel [\/vc_column_text][vc_separator type=&#8220;small&#8220; position=&#8220;center&#8220; color=&#8220;#818181&#8243; up=&#8220;20&#8243; down=&#8220;80&#8243;][vc_row_inner row_type=&#8220;row&#8220; type=&#8220;full_width&#8220; text_align=&#8220;left&#8220; css_animation=&#8220;&#8220;][vc_column_inner width=&#8220;1\/2&#8243;][vc_column_text] Besuchen Sie unser Hotel in der sch\u00f6nen Oberlausitz [\/vc_column_text][vc_separator type=&#8220;transparent&#8220; up=&#8220;12&#8243; down=&#8220;0&#8243;][vc_column_text]Wir verf\u00fcgen \u00fcber 59 Betten &#8211; 10 Doppelzimmer&#8230;<\/p>\n","protected":false},"author":1,"featured_media":0,"parent":0,"menu_order":0,"comment_status":"open","ping_status":"open","template":"full_width.php","meta":{"footnotes":""},"class_list":["post-15284","page","type-page","status-publish","hentry"],"_links":{"self":[{"href":"https:\/\/www.hotel-am-laerchenberg.de\/home\/wp-json\/wp\/v2\/pages\/15284","targetHints":{"allow":["GET"]}}],"collection":[{"href":"https:\/\/www.hotel-am-laerchenberg.de\/home\/wp-json\/wp\/v2\/pages"}],"about":[{"href":"https:\/\/www.hotel-am-laerchenberg.de\/home\/wp-json\/wp\/v2\/types\/page"}],"author":[{"embeddable":true,"href":"https:\/\/www.hotel-am-laerchenberg.de\/home\/wp-json\/wp\/v2\/users\/1"}],"replies":[{"embeddable":true,"href":"https:\/\/www.hotel-am-laerchenberg.de\/home\/wp-json\/wp\/v2\/comments?post=15284"}],"version-history":[{"count":20,"href":"https:\/\/www.hotel-am-laerchenberg.de\/home\/wp-json\/wp\/v2\/pages\/15284\/revisions"}],"predecessor-version":[{"id":16387,"href":"https:\/\/www.hotel-am-laerchenberg.de\/home\/wp-json\/wp\/v2\/pages\/15284\/revisions\/16387"}],"wp:attachment":[{"href":"https:\/\/www.hotel-am-laerchenberg.de\/home\/wp-json\/wp\/v2\/media?parent=15284"}],"curies":[{"name":"wp","href":"https:\/\/api.w.org\/{rel}","templated":true}]}}