{"id":15234,"date":"2014-04-30T15:47:48","date_gmt":"2014-04-30T15:47:48","guid":{"rendered":"http:\/\/demo.qodeinteractive.com\/bridge3\/?page_id=15234"},"modified":"2026-04-15T12:46:26","modified_gmt":"2026-04-15T10:46:26","slug":"home","status":"publish","type":"page","link":"https:\/\/www.hotel-am-laerchenberg.de\/home\/","title":{"rendered":"Home"},"content":{"rendered":"<div class=\"wpb-content-wrapper\"><p>[vc_row css_animation=&#8220;&#8220; row_type=&#8220;row&#8220; use_row_as_full_screen_section=&#8220;no&#8220; type=&#8220;full_width&#8220; angled_section=&#8220;no&#8220; text_align=&#8220;left&#8220; background_image_as_pattern=&#8220;without_pattern&#8220; background_color=&#8220;#ffffff&#8220; border_color=&#8220;#eeeeee&#8220; css=&#8220;.vc_custom_1508937194343{background-color: #007d40 !important;}&#8220;][vc_column]<div class=\"call_to_action normal\" style=\"background-color: #007d40;\"><div class=\"container_inner\"><div class=\"two_columns_75_25 clearfix\"><div class=\"text_wrapper column1\"><div class=\"call_to_action_text  font_size_inherit\" style=\"font-size:16px;\"><strong><span style=\"color: #ffffff\">Jetzt buchen oder anrufen unter +49 3592 3660<\/span><\/strong><\/div><\/div><div class=\"button_wrapper column2\"><a itemprop=\"url\" href=\"\/home\/kontakt\/\" class=\"qbutton white small\" target=\"\" style=\"border-color: #303030;background-color:#303030;\" data-hover-background-color=#303030 data-hover-border-color=#303030 >Jetzt buchen<\/a><\/div><\/div><\/div><\/div>[\/vc_column][\/vc_row][vc_row css_animation=&#8220;&#8220; row_type=&#8220;row&#8220; use_row_as_full_screen_section=&#8220;no&#8220; type=&#8220;grid&#8220; anchor=&#8220;portfolio&#8220; angled_section=&#8220;no&#8220; text_align=&#8220;left&#8220; background_image_as_pattern=&#8220;without_pattern&#8220; background_color=&#8220;#ffffff&#8220; border_color=&#8220;#eeeeee&#8220; padding_top=&#8220;73&#8243; padding_bottom=&#8220;0&#8243;][vc_column][vc_separator type=&#8220;transparent&#8220; up=&#8220;45&#8243; down=&#8220;18&#8243;][vc_column_text css=&#8220;.vc_custom_1688738470701{border-top-width: 20px !important;border-right-width: 20px !important;border-bottom-width: 20px !important;border-left-width: 20px !important;padding-top: 35px !important;padding-bottom: 25px !important;border-left-color: #007d40 !important;border-left-style: solid !important;border-right-color: #007d40 !important;border-right-style: solid !important;border-top-color: #007d40 !important;border-top-style: solid !important;border-bottom-color: #007d40 !important;border-bottom-style: solid !important;border-radius: 3px !important;}&#8220;]<\/p>\n<h3 style=\"text-align: center;\"><span style=\"color: #007d40;\">Das Hotel und die Gastst\u00e4tte sind f\u00fcr Sie ge\u00f6ffnet.<\/span><\/h3>\n<p>&nbsp;<\/p>\n<h3 style=\"text-align: center;\"><span style=\"color: #007d40;\">WIR FREUEN UNS AUF IHRE KONTAKTAUFNAHME UND IHREN BESUCH.<\/span><\/h3>\n<p>&nbsp;<\/p>\n<h4 style=\"text-align: center;\"><span style=\"color: #007d40;\">KONTAKT HOTEL:<\/span><\/h4>\n<p style=\"text-align: center;\">F\u00fcr eine Anfrage oder eine Buchung erreichen Sie uns wie folgt:<br \/>\nTel: +49 3592 3660<br \/>\nE-Mail.: <a href=\"mailto:Hotel-am-laerchenberg@t-online.de\">Hotel-am-laerchenberg@t-online.de<\/a><\/p>\n<p>&nbsp;<\/p>\n<h4 style=\"text-align: center;\"><span style=\"color: #007d40;\">KONTAKT GASTST\u00c4TTE:<\/span><\/h4>\n<p style=\"text-align: center;\">F\u00fcr eine Anfrage oder eine Buchung erreichen Sie uns wie folgt:<br \/>\nTel. Nr. 03592 500930<br \/>\nE-Mail.: <a href=\"mailto:gaststaette_am_laerchenberg@t-online.de\">gaststaette_am_laerchenberg@t-online.de<\/a><\/p>\n<p>&nbsp;<\/p>\n<h4 style=\"text-align: center; color: #007d40;\">\u00d6FFNUNGSZEITEN GASTST\u00c4TTE:<\/h4>\n<p style=\"text-align: center;\">Montag ab 17 Uhr<br \/>\nDienstag und Mittwoch Ruhetag<br \/>\nDonnerstag und Freitag von 11-14 Uhr und ab 17 Uhr<br \/>\nSamstag ab 17 Uhr<br \/>\nSonntag ab 11 Uhr<\/p>\n<p style=\"text-align: center;\">*sowie nach Vereinbarung*<\/p>\n<p>&nbsp;<\/p>\n<p style=\"text-align: center;\"><strong>Ihr Team vom L\u00e4rchenberg<\/strong><\/p>\n<p>[\/vc_column_text][vc_separator type=&#8220;transparent&#8220; up=&#8220;45&#8243; down=&#8220;18&#8243;][vc_separator type=&#8220;transparent&#8220; up=&#8220;45&#8243; down=&#8220;18&#8243;][vc_column_text]<\/p>\n<h2 style=\"text-align: center;\"><strong>Herzlich Willkommen<\/strong><\/h2>\n<p>[\/vc_column_text][vc_separator type=&#8220;small&#8220; position=&#8220;center&#8220; color=&#8220;#818181&#8243; up=&#8220;20&#8243; down=&#8220;20&#8243;][vc_column_text]<\/p>\n<p style=\"text-align: center;\"><strong>im 3 Sterne Hotel &amp; Freizeitpark Am L\u00e4rchenberg in Schirgiswalde!<\/strong><\/p>\n<p style=\"text-align: center;\">Sie suchen Erholung und Entspannung in angenehmer Umgebung? Dann sind Sie bei uns genau richtig! Die &#8222;Perle der Oberlausitz&#8220; bietet Ihnen viel Natur und Ruhe.<\/p>\n<p style=\"text-align: center;\">Ob Sie dienstlich oder privat, einzeln oder als Gruppe reisen, wir m\u00f6chten Ihnen Ihren Aufenthalt so angenehm wie m\u00f6glich gestalten.<\/p>\n<p style=\"text-align: center;\">Unser Hotel liegt ideal f\u00fcr Wanderer und Radfahrer und bietet Ihnen inmitten der Oberlausitz hervoragende M\u00f6glichkeiten f\u00fcr Ausfl\u00fcge in die Umgebung.<\/p>\n<p>[\/vc_column_text][vc_separator type=&#8220;transparent&#8220; up=&#8220;45&#8243; down=&#8220;18&#8243;][vc_row_inner row_type=&#8220;row&#8220; type=&#8220;full_width&#8220; text_align=&#8220;left&#8220; css_animation=&#8220;&#8220;][vc_column_inner width=&#8220;1\/3&#8243;][vc_single_image image=&#8220;16082&#8243; img_size=&#8220;full&#8220; qode_css_animation=&#8220;&#8220;][vc_separator type=&#8220;transparent&#8220; up=&#8220;25&#8243; down=&#8220;0&#8243;][vc_column_text]<\/p>\n<h5>Zimmer &amp; Preise<\/h5>\n<p>[\/vc_column_text][vc_separator type=&#8220;transparent&#8220; up=&#8220;6&#8243; down=&#8220;0&#8243;][vc_column_text]<a href=\"\/home\/hotel\/\">Mehr erfahren<\/a>[\/vc_column_text][vc_separator type=&#8220;transparent&#8220; up=&#8220;76&#8243; down=&#8220;0&#8243;][\/vc_column_inner][vc_column_inner width=&#8220;1\/3&#8243;][vc_single_image image=&#8220;16084&#8243; img_size=&#8220;full&#8220; qode_css_animation=&#8220;&#8220;][vc_separator type=&#8220;transparent&#8220; up=&#8220;25&#8243; down=&#8220;0&#8243;][vc_column_text]<\/p>\n<h5>Restaurant<\/h5>\n<p>[\/vc_column_text][vc_separator type=&#8220;transparent&#8220; up=&#8220;6&#8243; down=&#8220;0&#8243;][vc_column_text]<a href=\"\/home\/restaurant\/\">Mehr erfahren<\/a>[\/vc_column_text][vc_separator type=&#8220;transparent&#8220; up=&#8220;76&#8243; down=&#8220;0&#8243;][\/vc_column_inner][vc_column_inner width=&#8220;1\/3&#8243;][vc_single_image image=&#8220;16088&#8243; img_size=&#8220;full&#8220; qode_css_animation=&#8220;&#8220;][vc_separator type=&#8220;transparent&#8220; up=&#8220;25&#8243; down=&#8220;0&#8243;][vc_column_text]<\/p>\n<h5>Freizeit<\/h5>\n<p>[\/vc_column_text][vc_separator type=&#8220;transparent&#8220; up=&#8220;6&#8243; down=&#8220;0&#8243;][vc_column_text]<a href=\"\/home\/freizeit\/\">Mehr erfahren<\/a>[\/vc_column_text][vc_separator type=&#8220;transparent&#8220; up=&#8220;76&#8243; down=&#8220;0&#8243;][\/vc_column_inner][\/vc_row_inner][\/vc_column][\/vc_row]<\/p>\n<\/div>","protected":false},"excerpt":{"rendered":"<p>[vc_row css_animation=&#8220;&#8220; row_type=&#8220;row&#8220; use_row_as_full_screen_section=&#8220;no&#8220; type=&#8220;full_width&#8220; angled_section=&#8220;no&#8220; text_align=&#8220;left&#8220; background_image_as_pattern=&#8220;without_pattern&#8220; background_color=&#8220;#ffffff&#8220; border_color=&#8220;#eeeeee&#8220; css=&#8220;.vc_custom_1508937194343{background-color: #007d40 !important;}&#8220;][vc_column][\/vc_column][\/vc_row][vc_row css_animation=&#8220;&#8220; row_type=&#8220;row&#8220; use_row_as_full_screen_section=&#8220;no&#8220; type=&#8220;grid&#8220; anchor=&#8220;portfolio&#8220; angled_section=&#8220;no&#8220; text_align=&#8220;left&#8220; background_image_as_pattern=&#8220;without_pattern&#8220; background_color=&#8220;#ffffff&#8220; border_color=&#8220;#eeeeee&#8220; padding_top=&#8220;73&#8243; padding_bottom=&#8220;0&#8243;][vc_column][vc_separator type=&#8220;transparent&#8220; up=&#8220;45&#8243; down=&#8220;18&#8243;][vc_column_text css=&#8220;.vc_custom_1688738470701{border-top-width: 20px !important;border-right-width: 20px !important;border-bottom-width: 20px !important;border-left-width: 20px !important;padding-top: 35px !important;padding-bottom: 25px !important;border-left-color: #007d40 !important;border-left-style: solid !important;border-right-color:&#8230;<\/p>\n","protected":false},"author":1,"featured_media":0,"parent":0,"menu_order":0,"comment_status":"open","ping_status":"open","template":"full_width.php","meta":{"footnotes":""},"class_list":["post-15234","page","type-page","status-publish","hentry"],"_links":{"self":[{"href":"https:\/\/www.hotel-am-laerchenberg.de\/home\/wp-json\/wp\/v2\/pages\/15234","targetHints":{"allow":["GET"]}}],"collection":[{"href":"https:\/\/www.hotel-am-laerchenberg.de\/home\/wp-json\/wp\/v2\/pages"}],"about":[{"href":"https:\/\/www.hotel-am-laerchenberg.de\/home\/wp-json\/wp\/v2\/types\/page"}],"author":[{"embeddable":true,"href":"https:\/\/www.hotel-am-laerchenberg.de\/home\/wp-json\/wp\/v2\/users\/1"}],"replies":[{"embeddable":true,"href":"https:\/\/www.hotel-am-laerchenberg.de\/home\/wp-json\/wp\/v2\/comments?post=15234"}],"version-history":[{"count":66,"href":"https:\/\/www.hotel-am-laerchenberg.de\/home\/wp-json\/wp\/v2\/pages\/15234\/revisions"}],"predecessor-version":[{"id":16411,"href":"https:\/\/www.hotel-am-laerchenberg.de\/home\/wp-json\/wp\/v2\/pages\/15234\/revisions\/16411"}],"wp:attachment":[{"href":"https:\/\/www.hotel-am-laerchenberg.de\/home\/wp-json\/wp\/v2\/media?parent=15234"}],"curies":[{"name":"wp","href":"https:\/\/api.w.org\/{rel}","templated":true}]}}